7 - -4660. Calculate the remainder when x is divided by 82.
63
Suppose 1991*u + 1764 = 2012*u. What is the remainder when 595 is divided by u?
7
Let h(v) = v**3 - 20*v**2 - 62*v - 109. Calculate the remainder when 1226 is divided by h(23).
30
Let r(t) = -181*t + 1696. What is the remainder when 287 is divided by r(9)?
19
Let b(o) = o**2 - 4*o. Let x be b(-5). Let n be -4*((4/6)/2 - 1005/180). Let y = x - n. Calculate the remainder when 141 is divided by y.
21
Let y be (3 - 27)/((-9)/96). Suppose 2*v = -8, 2*x + 3*v = 2*v - y. Let t = -49 - x. What is the remainder when t is divided by 20?
17
Let o(q) = 10*q - 32. Let p be o(0). Let w = p + 231. Let m = w - 117. What is the remainder when m is divided by 14?
12
What is the remainder when 1347 is divided by 282 + -233 - 2*-5?
49
Let y = -24 + 25. Let j be 0*(-2 - 7/(-3)). Suppose -4*n = -4*i - 8, j*i = n + i - 4. What is the remainder when n is divided by y?
0
Let n(l) = 9*l - 1. Suppose 247*j - 1776 = 97*j + 24. Calculate the remainder when n(5) is divided by j.
8
Let b(o) = o**2 - 67*o - 9151. Calculate the remainder when 1871 is divided by b(135).
15
Let s be (-6)/(-15) - 18/(-5). Suppose s*g - 57 = 2*r - 5*r, 0 = r - 3. Let w = -1906 - -1952. What is the remainder when w is divided by g?
10
What is the remainder when 1161 is divided by (-16)/(-96) - (2845/30)/(-1)?
21
Calculate the remainder when (-1)/(-3) - 218/(-3) is divided by 20/50 + (-196)/(-10).
13
Suppose 0 = -52*g + 10*g + 1344. What is the remainder when 11326 is divided by g?
30
Let s(h) = 127*h**2 + 70*h - 206. What is the remainder when s(3) is divided by 18?
13
Suppose -65 = 5*k - 3*h, k - 4*h + 25 = -h. What is the remainder when k/(-6)*3 + 1*3 is divided by 2?
0
Let r = 5787 - 5269. Calculate the remainder when r is divided by 133.
119
Suppose 3*i - 4*s = 50, 0*i + 2*s = -5*i + 66. Suppose 3*f = 6*l - 5*l - 759, 2*l = 3*f + 762. Let h = 306 + f. What is the remainder when h is divided by i?
12
Let x be (-3 - -7) + 4 - -407. Let t = x + -306. Calculate the remainder when t is divided by 33.
10
Let q(r) = -10*r - 145. Let a(j) = 3*j + 49. Let b(x) = 7*a(x) + 2*q(x). Calculate the remainder when 184 is divided by b(-16).
36
Suppose -6*i + 84 = l, -l + 5*i = -5*l + 260. Let n(w) = -w**2 - 3*w - 6. Let f be n(-6). What is the remainder when l is divided by 0 - 9/3 - f?
18
Let l = -242 - -294. Let f = -25 - -39. What is the remainder when l is divided by f?
10
What is the remainder when 3992/28 + 350/245 is divided by 10?
4
Let i = 217 + -230. Let f(b) = -14*b - 139. What is the remainder when 428 is divided by f(i)?
41
Let f = -11272 - -12131. What is the remainder when f is divided by 49?
26
Let c be ((-24)/(-30))/(0 - 2/(-30)). Suppose -c = 3*a, 3*f = f - 5*a + 4. Let i = f - 4. Calculate the remainder when 54 is divided by i.
6
Let b(t) = 209*t**2 + 411*t + 1. What is the remainder when b(-5) is divided by 5?
1
Let z(r) = r**3 - 15*r**2 + 19*r - 68. Let o be z(14). Suppose -5*c = -o*c - 642. Calculate the remainder when c is divided by 25.
14
Suppose 63*i + 145*i = -295499 + 1088395. What is the remainder when i is divided by 93?
92
Let u(z) = z**2 - 59*z + 322. Let t be 3/3*-22 + 0. Calculate the remainder when (0 - t/(-6))*-6 is divided by u(6).
2
Suppose 2*p - 4*p = -144. Let c be 6/10 - 0 - p/(-30). Suppose -c*x = x - 452. Calculate the remainder when x is divided by 19.
18
What is the remainder when 3198 is divided by ((10 + 3)/(-13) - -1591) + 3?
12
Suppose -3*r + 137 + 158 = -5*c, -3*r = -2*c - 298. Let f be 14 + 3/9 + (-18)/(-27). What is the remainder when r is divided by f + -13 - (-22 + -2)?
22
Let n(g) = -g**3 + 30*g**2 + 30*g + 35. Let x be n(31). Suppose 4*h + 100 = x*a, 10*a - 4*h - 46 = 8*a. Calculate the remainder when 51 is divided by a.
24
Let i(q) = -2*q - 4. Suppose 74*v - 95*v + 672 = 0. Suppose 4*o - v = -g, -3*o + 179 = 5*g + 36. What is the remainder when g is divided by i(-5)?
4
Suppose -101 = -4*k - 5*z, -3*z + 51 = -3*k + 5*k. Suppose 3*b - b - 20 = -5*o, 2*o = 3*b - 68. Let v = 26 + b. What is the remainder when v is divided by k?
22
Suppose 0 = -d - 4*i + 33, -3*i + 73 + 23 = 2*d. What is the remainder when 773 is divided by d?
32
What is the remainder when 653 is divided by 1*17/((-221)/(-1534))?
63
What is the remainder when 9544/(2 - -6)*(-1 - -2) is divided by 46?
43
Let f be (4 - -61)*2/(-5). Let z be -1*17*(24 + f). Suppose -201 = -5*q + z. What is the remainder when q is divided by 16?
15
Suppose 4*t + d = -t + 17, 2*t - 5 = -d. Suppose j - 174 = -4*a, -a + 78 = a - t*j. What is the remainder when 170 is divided by a?
41
Let s = -12409 - -15189. Calculate the remainder when s is divided by 925.
5
Let v(j) = -165*j - 1969. Calculate the remainder when v(-14) is divided by 109.
14
Let u(d) = -d**2 + 108*d - 957. Calculate the remainder when 68 is divided by u(10).
22
Let x(a) = 16*a**2 + 404*a - 43. Calculate the remainder when x(-26) is divided by 15.
14
Suppose -a + 41 = 16*j - 11*j, -j + 1 = 0. Calculate the remainder when 123 is divided by a.
15
Let i = -370 + 377. Calculate the remainder when (-57891)/(-483) + 1/i is divided by 7.
1
Let r = 9 - -15. Suppose 91*i + 473 = 134*i. Let a = r - i. What is the remainder when 49 is divided by a?
10
Suppose 32*o = 28*o - 72. Let v be (-12)/o - (-281)/(-3). Let n = -66 - v. What is the remainder when 78 is divided by n?
24
Calculate the remainder when 508 is divided by ((-84)/36 - 16/(-12))*-5.
3
Suppose 0 = -3*s - 2*a + 17136, 0 = -2*s + 2*a + 10579 + 845. Suppose 0 = -27*f - 1230 + s. Calculate the remainder when f is divided by 58.
50
Suppose 354 = 4*a - 2*n, -2*a + 58*n + 175 = 59*n. What is the remainder when 1138 is divided by a?
82
What is the remainder when 8691/12 + -1 + (-18)/(-24) is divided by 5?
4
Suppose -13*f + 896 + 397 = 318. Calculate the remainder when 620 is divided by f.
20
Suppose 5*m + y = 186 + 26, 9 = -3*y. Suppose -12*p + 31 = -11*p. Suppose -3*f = -k - 2*f + 14, 4*k = -f + p. What is the remainder when m is divided by k?
7
Let n = -15856 - -16381. Calculate the remainder when n is divided by 53.
48
Suppose -1 = f - 3. Let x(s) = s**3 + 2*s**2 + 25*s + 91. Calculate the remainder when x(-3) is divided by f.
1
Suppose -532 = -53*b - 245 + 879. What is the remainder when 2/(-1) + 0 + 84 is divided by b?
16
Suppose -i - 768 = -5*f - 30, 5*i - 750 = -5*f. Suppose -238 = -4*d + 78. Calculate the remainder when f is divided by d.
69
Let b(v) = -15*v**2 - 32*v - 91. Let n(s) = 30*s**2 + 64*s + 181. Let c(j) = -7*b(j) - 3*n(j). What is the remainder when c(-3) is divided by 36?
25
Let w = 545 + -983. Calculate the remainder when 1 + 51/(-85) + w/(-5) is divided by 12.
4
Let l(h) = -2*h**2 + 12*h + 24. Let u be l(10). Let q = u + 113. Suppose 6*o - 5*o - q = 0. What is the remainder when o is divided by 20?
17
Let v(d) = -7*d + 19. Let r(s) = s + 1. Let j(g) = -2*r(g) - v(g). Let n be j(10). Suppose 0 = -3*o + 134 - n. Calculate the remainder when 67 is divided by o.
32
Suppose -610 - 6440 = -30*v. Let f = 249 - v. Calculate the remainder when f is divided by (-2)/(-6) - 46/(-6).
6
Let o = -1025 - -656. Let m = o - -676. What is the remainder when m is divided by 10?
7
Let i = -26299 - -26305. What is the remainder when 11979 is divided by i?
3
Suppose -i = -5*o + 3*i - 10, -2*i = 4*o - 18. Let u be ((-12)/(-14))/o*7. Suppose 0 = u*y - 32 + 14. What is the remainder when y is divided by 2?
0
Suppose 13132 = 133*k - 66*k. Calculate the remainder when k is divided by 167.
29
Let z be 0/(-3) + 106 - (3 + -1). Let w = z + -110. Calculate the remainder when 5 is divided by w + 4 + 4 + 1.
2
Suppose 20*s + 196 = 36. What is the remainder when 22 is divided by ((-4)/3)/(s/48)?
6
Let c = 370 - 323. What is the remainder when 1127 is divided by c?
46
Let y(h) = h**2 + 2*h + 14. Calculate the remainder when y(9) is divided by (-62)/15 + 4/30 - -10.
5
Suppose -138*d + 78961 = 143*d. Suppose 2*b = -0*b + 144. What is the remainder when d is divided by b?
65
Calculate the remainder when 348 is divided by ((-339)/452)/((-3)/272).
8
What is the remainder when 212 is divided by (-18)/42 - 1602/(-63)?
12
Let u(v) = v**2 + 5. Suppose -26 + 2 = -6*d. Suppose t + 0*y = -y, 3*t - 3*y = 24. Calculate the remainder when u(d) is divided by t.
1
Let i 